{"version":"1.0","provider_name":"MAXIN&#039;S","provider_url":"https:\/\/www.maxins.sk\/en\/","title":"Treba zmeni\u0165 vek odchodu do penzie? Pozrite sa, \u010do si myslia slovensk\u00ed ekon\u00f3movia","type":"rich","width":600,"height":338,"html":"<blockquote class=\"wp-embedded-content\" data-secret=\"XiX6VyusIX\"><a href=\"https:\/\/www.maxins.sk\/en\/blog\/treba-zmenit-sucasne-nastavenie-veku-odchodu-do-penzie\/\">Treba zmeni\u0165 s\u00fa\u010dasn\u00e9 nastavenie veku odchodu do penzie?<\/a><\/blockquote><iframe sandbox=\"allow-scripts\" security=\"restricted\" src=\"https:\/\/www.maxins.sk\/en\/blog\/treba-zmenit-sucasne-nastavenie-veku-odchodu-do-penzie\/embed\/#?secret=XiX6VyusIX\" width=\"600\" height=\"338\" title=\"&#8220;Treba zmeni\u0165 s\u00fa\u010dasn\u00e9 nastavenie veku odchodu do penzie?&#8221; &#8212; MAXIN&#039;S\" data-secret=\"XiX6VyusIX\" frameborder=\"0\" marginwidth=\"0\" marginheight=\"0\" scrolling=\"no\" class=\"wp-embedded-content\"><\/iframe><script type=\"text\/javascript\">\n\/* <![CDATA[ *\/\n\/*! This file is auto-generated *\/\n!function(d,l){\"use strict\";l.querySelector&&d.addEventListener&&\"undefined\"!=typeof URL&&(d.wp=d.wp||{},d.wp.receiveEmbedMessage||(d.wp.receiveEmbedMessage=function(e){var t=e.data;if((t||t.secret||t.message||t.value)&&!\/[^a-zA-Z0-9]\/.test(t.secret)){for(var s,r,n,a=l.querySelectorAll('iframe[data-secret=\"'+t.secret+'\"]'),o=l.querySelectorAll('blockquote[data-secret=\"'+t.secret+'\"]'),c=new RegExp(\"^https?:$\",\"i\"),i=0;i<o.length;i++)o[i].style.display=\"none\";for(i=0;i<a.length;i++)s=a[i],e.source===s.contentWindow&&(s.removeAttribute(\"style\"),\"height\"===t.message?(1e3<(r=parseInt(t.value,10))?r=1e3:~~r<200&&(r=200),s.height=r):\"link\"===t.message&&(r=new URL(s.getAttribute(\"src\")),n=new URL(t.value),c.test(n.protocol))&&n.host===r.host&&l.activeElement===s&&(d.top.location.href=t.value))}},d.addEventListener(\"message\",d.wp.receiveEmbedMessage,!1),l.addEventListener(\"DOMContentLoaded\",function(){for(var e,t,s=l.querySelectorAll(\"iframe.wp-embedded-content\"),r=0;r<s.length;r++)(t=(e=s[r]).getAttribute(\"data-secret\"))||(t=Math.random().toString(36).substring(2,12),e.src+=\"#?secret=\"+t,e.setAttribute(\"data-secret\",t)),e.contentWindow.postMessage({message:\"ready\",secret:t},\"*\")},!1)))}(window,document);\n\/\/# sourceURL=https:\/\/www.maxins.sk\/wp-includes\/js\/wp-embed.min.js\n\/* ]]> *\/\n<\/script>\n","thumbnail_url":"https:\/\/www.maxins.sk\/wp-content\/uploads\/2024\/01\/grandparents-learning-use-technology-1024x683.jpg","thumbnail_width":1024,"thumbnail_height":683,"description":"D\u013a\u017eka \u013eudsk\u00e9ho \u017eivota sa predl\u017euje, \u010do znamen\u00e1 v\u00e4\u010d\u0161iu z\u00e1\u0165a\u017e pre d\u00f4chodkov\u00fd syst\u00e9m. Ako sa na to pozeraj\u00fa slovensk\u00ed ekon\u00f3movia? V na\u0161om \u010dl\u00e1nku n\u00e1jdete v\u00fdsledky ankety TREND Barometer a n\u00e1zor n\u00e1\u0161ho zakladate\u013ea, Erika Maxina. Dozviete sa, ak\u00e9 s\u00fa v\u00fdhody a nev\u00fdhody zni\u017eovania alebo zvy\u0161ovania veku odchodu do penzie, a ak\u00e9 s\u00fa mo\u017en\u00e9 alternat\u00edvy. Pre\u010d\u00edtajte si viac!"}

Treba zmeniť vek odchodu do penzie? Pozrite sa, čo si myslia slovenskí ekonómovia

<blockquote class="wp-embedded-content" data-secret="XiX6VyusIX"><a href="https://www.maxins.sk/en/blog/treba-zmenit-sucasne-nastavenie-veku-odchodu-do-penzie/">Treba zmeniť súčasné nastavenie veku odchodu do penzie?</a></blockquote><iframe sandbox="allow-scripts" security="restricted" src="https://www.maxins.sk/en/blog/treba-zmenit-sucasne-nastavenie-veku-odchodu-do-penzie/embed/#?secret=XiX6VyusIX" width="600" height="338" title="&#8220;Treba zmeniť súčasné nastavenie veku odchodu do penzie?&#8221; &#8212; MAXIN&#039;S" data-secret="XiX6VyusIX" frameborder="0" marginwidth="0" marginheight="0" scrolling="no" class="wp-embedded-content"></iframe><script type="text/javascript">
/* <![CDATA[ */
/*! This file is auto-generated */
!function(d,l){"use strict";l.querySelector&&d.addEventListener&&"undefined"!=typeof URL&&(d.wp=d.wp||{},d.wp.receiveEmbedMessage||(d.wp.receiveEmbedMessage=function(e){var t=e.data;if((t||t.secret||t.message||t.value)&&!/[^a-zA-Z0-9]/.test(t.secret)){for(var s,r,n,a=l.querySelectorAll('iframe[data-secret="'+t.secret+'"]'),o=l.querySelectorAll('blockquote[data-secret="'+t.secret+'"]'),c=new RegExp("^https?:$","i"),i=0;i<o.length;i++)o[i].style.display="none";for(i=0;i<a.length;i++)s=a[i],e.source===s.contentWindow&&(s.removeAttribute("style"),"height"===t.message?(1e3<(r=parseInt(t.value,10))?r=1e3:~~r<200&&(r=200),s.height=r):"link"===t.message&&(r=new URL(s.getAttribute("src")),n=new URL(t.value),c.test(n.protocol))&&n.host===r.host&&l.activeElement===s&&(d.top.location.href=t.value))}},d.addEventListener("message",d.wp.receiveEmbedMessage,!1),l.addEventListener("DOMContentLoaded",function(){for(var e,t,s=l.querySelectorAll("iframe.wp-embedded-content"),r=0;r<s.length;r++)(t=(e=s[r]).getAttribute("data-secret"))||(t=Math.random().toString(36).substring(2,12),e.src+="#?secret="+t,e.setAttribute("data-secret",t)),e.contentWindow.postMessage({message:"ready",secret:t},"*")},!1)))}(window,document);
//# sourceURL=https://www.maxins.sk/wp-includes/js/wp-embed.min.js
/* ]]> */
</script>

Dĺžka ľudského života sa predlžuje, čo znamená väčšiu záťaž pre dôchodkový systém. Ako sa na to pozerajú slovenskí ekonómovia? V našom článku nájdete výsledky ankety TREND Barometer a názor nášho zakladateľa, Erika Maxina. Dozviete sa, aké sú výhody a nevýhody znižovania alebo zvyšovania veku odchodu do penzie, a aké sú možné alternatívy. Prečítajte si viac!
